0 (base 11) to base 10
-979
What is -cc9 (base 16) in base 3?
-11111020
Convert 1100101 (base 2) to base 15.
6b
-78b (base 12) to base 7
-3152
1521 (base 16) to base 10
5409
-21020020 (base 3) to base 15
-1866
What is -2464 (base 14) in base 2?
-1100011011000
What is -2da (base 15) in base 6?
-3011
Convert -14724 (base 11) to base 8.
-50546
What is -333231 (base 5) in base 10?
-11691
Convert 392b (base 13) to base 7.
32521
2a100 (base 12) to base 11
40282
Convert 4868 (base 10) to base 15.
1698
-14115 (base 9) to base 7
-36623
-1144 (base 10) to base 3
-1120101
What is -645 (base 8) in base 7?
-1141
Convert -225 (base 10) to base 12.
-169
What is -312 (base 5) in base 9?
-101
-5045 (base 7) to base 8
-3324
Convert 1d2 (base 16) to base 13.
29b
Convert 13037 (base 11) to base 7.
105305
What is -3304 (base 7) in base 16?
-49c
295 (base 14) to base 9
641
What is 110111 (base 3) in base 6?
1321
-225 (base 15) to base 9
-588
Convert b4 (base 13) to base 12.
103
-177 (base 14) to base 9
-364
153a (base 15) to base 10
4555
What is -1463 (base 10) in base 4?
-112313
What is -386 (base 15) in base 10?
-801
3212300 (base 5) to base 4
31030323
Convert bc8 (base 13) to base 4.
133213
-100111001 (base 2) to base 16
-139
What is c12 (base 14) in base 15?
a7d
-46165 (base 8) to base 14
-71c1
40020 (base 7) to base 10
9618
What is -199b9 (base 12) in base 15?
-b2a0
-38 (base 11) to base 13
-32
What is fe (base 16) in base 8?
376
What is b7b (base 13) in base 12?
1175
-1313001 (base 4) to base 2
-1110111000001
Convert 11b6 (base 12) to base 14.
a38
What is 7ed (base 16) in base 7?
5626
What is 4a65 (base 16) in base 14?
6d25
3120 (base 8) to base 3
2012212
-13401 (base 5) to base 2
-10001001101
10101110 (base 2) to base 7
336
What is -203440 (base 7) in base 2?
-1000100000110011
-2100021 (base 3) to base 12
-ba4
1b7 (base 12) to base 6
1151
-1c5 (base 15) to base 3
-120012
1a8c (base 15) to base 6
42353
What is 2011121 (base 3) in base 11?
1209
What is 212131 (base 4) in base 7?
10114
-20003 (base 6) to base 7
-10365
What is 3485 (base 12) in base 16?
16e5
Convert 3210 (base 8) to base 4.
122020
Convert -394 (base 14) to base 11.
-5a3
What is 423142 (base 5) in base 9?
21386
Convert 221221 (base 5) to base 16.
1e06
What is 8a7 (base 15) in base 16?
7a5
10 (base 15) to base 5
30
What is -10011000011010 (base 2) in base 15?
-2d54
What is 21265 (base 8) in base 6?
105045
Convert -5525 (base 14) to base 16.
-398d
What is 2107 (base 14) in base 4?
1120323
What is -349a (base 11) in base 14?
-1958
Convert 18813 (base 9) to base 11.
9897
What is 2a20 (base 12) in base 8?
11470
What is -504 (base 15) in base 2?
-10001101001
What is 21105 (base 6) in base 13?
13b2
aab (base 12) to base 16
623
Convert 305266 (base 7) to base 2.
1100110000111010
What is 535 (base 15) in base 12?
81b
Convert 2286 (base 13) to base 10.
4842
What is 31921 (base 10) in base 3?
1121210021
Convert 8 (base 12) to base 11.
8
-1304140 (base 5) to base 11
-18213
Convert 210210 (base 6) to base 4.
10020132
What is 101011001 (base 2) in base 13?
207
-3949 (base 10) to base 6
-30141
Convert -12358 (base 9) to base 15.
-26e5
-10313 (base 6) to base 4
-112011
What is 18e (base 15) in base 9?
438
Convert 1104413 (base 5) to base 12.
b252
-1d10 (base 16) to base 8
-16420
What is -7373 (base 8) in base 13?
-1990
Convert 1021202 (base 3) to base 13.
572
1112210 (base 3) to base 2
10001101000
What is -1011011110010 (base 2) in base 6?
-43110
What is -1ad (base 14) in base 5?
-2344
54 (base 8) to base 9
48
3d93 (base 14) to base 2
10101010011101
Convert 12453 (base 9) to base 12.
4a33
What is 13011 (base 4) in base 16?
1c5
Convert -2cb (base 15) to base 2.
-1010000001
-1002 (base 10) to base 15
-46c
Convert 1513 (base 12) to base 8.
4637
Convert 11363 (base 7) to base 11.
222a
What is 2112 (base 4) in base 15?
a0
-10212 (base 6) to base 8
-2540
-12a0 (base 13) to base 14
-d85
What is -10134 (base 6) in base 8?
-2512
-74 (base 9) to base 15
-47
What is -cf2 (base 16) in base 10?
-3314
What is 20 (base 7) in base 16?
e
What is -3472 (base 12) in base 11?
-4435
What is 2233 (base 7) in base 13?
4a2
-1833 (base 15) to base 6
-40103
-b69 (base 13) to base 8
-3632
-13131 (base 5) to base 15
-496
What is 2221201 (base 3) in base 16?
868
Convert 11101111111 (base 2) to base 11.
1495
Convert -5a9 (base 13) to base 7.
-2604
Convert 2100120011 (base 3) to base 10.
46336
6917 (base 14) to base 12
a689
-a14a (base 16) to base 8
-120512
809 (base 14) to base 4
120221
What is e28a (base 15) in base 2?
1011101011010110
-340 (base 6) to base 14
-96
Convert 152 (base 6) to base 7.
125
16020 (base 8) to base 9
10762
-1924 (base 10) to base 2
-11110000100
Convert 36b (base 12) to base 3.
201002
Convert -40080 (base 12) to base 5.
-10124130
4067 (base 11) to base 5
133042
-2010200 (base 3) to base 11
-1196
What is -10000101101101 (base 2) in base 8?
-20555
Convert 1054 (base 8) to base 3.
202121
Convert 110011111001 (base 2) to base 12.
1b09
14c7 (base 15) to base 4
1011232
-1409 (base 11) to base 6
-12240
What is -1110120 (base 4) in base 16?
-1518
What is 23363 (base 8) in base 15?
2e4b
Convert 68 (base 11) to base 13.
59
3140 (base 6) to base 2
1011000100
Convert -1000210 (base 4) to base 14.
-1712
Convert 5d9 (base 16) to base 4.
113121
Convert 495 (base 10) to base 5.
3440
Convert -42 (base 12) to base 11.
-46
Convert 1130332 (base 4) to base 9.
8141
Convert 2240 (base 8) to base 12.
828
Convert 2193 (base 13) to base 12.
2863
Convert 5 (base 15) to base 4.
11
-34044 (base 5) to base 13
-1127
What is -28 (base 15) in base 8?
-46
Convert c6 (base 16) to base 7.
402
Convert -21057 (base 10) to base 7.
-115251
What is -1871 (base 12) in base 15?
-d2a
What is -13a (base 13) in base 2?
-11011010
-14c (base 13) to base 12
-175
Convert 91b (base 13) to base 2.
11000001001
What is -131014 (base 5) in base 13?
-244c
Convert -32591 (base 10) to base 6.
-410515
1420 (base 6) to base 8
564
-2282 (base 10) to base 4
-203222
What is 122021 (base 4) in base 16?
689
Convert 20022022 (base 3) to base 13.
2129
What is 483 (base 9) in base 7?
1110
-c53 (base 14) to base 15
-aba
What is 2410 (base 10) in base 5?
34120
Convert -8257 (base 10) to base 4.
-2001001
What is 10010111 (base 3) in base 14?
b8d
e6 (base 15) to base 7
426
Convert 437 (base 11) to base 10.
524
Convert -140 (base 5) to base 8.
-55
31c (base 15) to base 7
2022
Convert 701d (base 14) to base 3.
222101102
What is -1a (base 13) in base 8?
-27
36501 (base 7) to base 9
14033
What is -569 (base 12) in base 7?
-2223
-71 (base 10) to base 7
-131
What is -1134313 (base 5) in base 14?
-7a2c
What is -1203 (base 4) in base 6?
-243
What is -1168 (base 9) in base 2?
-1101101000
-110000011 (base 2) to base 14
-1d9
Convert -100 (base 15) to base 2.
-11100001
Convert -302322 (base 4) to base 6.
-23030
Convert -14522 (base 7) to base 9.
-5472
Convert -100001101110110 (base 2) to base 5.
-1023040
Convert -378 (base 9) to base 5.
-2224
-442 (base 7) to base 10
-226
What is -119a (base 12) in base 3?
-2201201
Convert -d9a (base 16) to base 3.
-11202222
What is -2517 (base 10) in base 3?
-10110020
What is -1021212 (base 3) in base 10?
-941
102100 (base 3) to base 13
1a7
2221001 (base 3) to base 11
1670
395 (base 16) to base 14
497
What is 1351 (base 11) in base 6?
12034
Convert -55152 (base 9) to base 11.
-25533
Convert 51963 (base 10) to base 9.
78246
-4db (base 15) to base 6
-5042
Convert -7aa (base 13) to base 4.
-110223
Convert -971 (base 11) to base 9.
-1536
What is 1627 (base 10) in base 3?
2020021
a6c (base 15) to base 16
930
Convert b60 (base 13) to base 11.
1501
-260 (base 14) to base 10
-476
Convert 211211 (base 3) to base 16.
268
What is -2017 (base 12) in base 4?
-312103
Convert 1132011 (base 5) to base 4.
11012101
-444 (base 5) to base 9
-147
What is -2001111210 (base 3) in base 13?
-1555b
Convert 1421 (base 7) to base 5.
4204
-1ba9 (base 13) to base 6
-31231
Convert a59 (base 14) to base 15.
90e
Convert -311313 (base 5) to base 13.
-4853
Convert 45425 (base 6) to base 9.
8728
Convert -2820 (base 13) to base 10.
-5772
Convert -257 (base 10) to base 5.
-2012
-20230 (base 4) to base 5
-4211
What is -111101000010 (base 2) in base 5?
-111111
What is -1122012 (base 3) in base 11?
-